List the prime factors of 45 + (0 - -1) - (32 - u).
2, 3, 7
Suppose -206 - 541 = -3*x. List the prime factors of x.
3, 83
Let d(b) = b**2 - 7*b + 6. Let l be d(8). Suppose l*f - 17*f = 0. Suppose 0 = x - 3*o - 39, -2*x + 94 = -f*x + 2*o. List the prime factors of x.
3, 5
Let t be -3 - -2 - (-2 + -1). Suppose 5*a - q - 207 = t*a, -a = q - 65. List the prime factors of a.
2, 17
Let y = 29 - 24. Suppose x = -y*t + 395, 4*t + 2*x = -0*x + 322. List the prime factors of t.
2, 3, 13
What are the prime factors of ((-5)/(-1))/(-3 - 2000/(-664))?
5, 83
Suppose 138 = 23*t - 22*t. Let b = -136 + t. List the prime factors of b.
2
Let a be (3 - 2)*-1*-5. Suppose -j - 4*l = j - 52, -5*j = -a*l - 115. What are the prime factors of (-2 + -1)/(j/(-112))?
2, 7
Let b = 7 - 21. Let t = -11 - b. Suppose 4*p + t*v - 42 = 5*v, -5*p = -2*v - 52. What are the prime factors of p?
2, 5
Suppose -r + 41 = -3*r - f, 0 = 3*f + 15. Let c = r - -69. What are the prime factors of c?
3, 17
Let r = -2 - -14. Suppose p - r = -2*p. Suppose 2*g = 5*a + 11, -5 = -p*g - a + 28. List the prime factors of g.
2
Let w(a) = -a**2 - 9*a + 15. Let x be w(-10). Suppose -298 = -x*c + 72. List the prime factors of c.
2, 37
List the prime factors of 4 - (-1599)/(-5 - (3 - 9)).
7, 229
Let z(p) be the first derivative of 2*p**3/3 - 9*p**2/2 + 16*p - 1. What are the prime factors of z(7)?
3, 17
Let v(x) = -52*x**3 - 2*x**2 + 9*x - 5. Let n(o) = -35*o**3 - o**2 + 6*o - 3. Let k(p) = 8*n(p) - 5*v(p). List the prime factors of k(-2).
163
Suppose -25*s + 31*s - 3042 = 0. List the prime factors of s.
3, 13
Suppose -2*h = 3*h - o - 52, -4*h + 32 = -4*o. Suppose -3*m - 1 = h. What are the prime factors of 90/m*18/(-27)?
3, 5
Let v = 1121 - 1038. What are the prime factors of v?
83
Suppose 31*x - 60673 = -12*x. List the prime factors of x.
17, 83
Suppose -62 = 4*r - 5*f - 11, -3*r + 4*f - 38 = 0. Let i be (-2)/(-4)*(-8 - r). What are the prime factors of (-36)/(-6)*25/i?
2, 5
Suppose 2454 = 5*m + 2*x, 520 + 468 = 2*m + 4*x. What are the prime factors of m?
2, 5, 7
Let x = 485 + 943. List the prime factors of x.
2, 3, 7, 17
Let i(n) = -n**3 + 21*n**2 + 2*n - 54. Let a be i(22). Let u = 775 + a. What are the prime factors of u?
281
Let p(o) be the second derivative of -o**5/20 - 7*o**4/12 - 11*o**3/6 - 4*o**2 + 10*o. List the prime factors of p(-7).
3, 23
Let g(d) = -d**3 + 8*d**2 - 6*d - 1. Let v be g(7). Suppose 5*t - 15 = 5*n, -n = -v*n + t + 1. List the prime factors of 5/(-2 + n)*-1.
5
Suppose -3*m = 3*j - 420, -5*m - 554 = -9*m + 2*j. What are the prime factors of m?
139
Let g = -14 + 14. Suppose -4*w - 3*h + 384 = 0, -5*w - 2*h + 37 + 443 = g. Suppose -v = 2*m - 39, -5*m + v = 2*v - w. List the prime factors of m.
19
Let w(d) be the first derivative of -17*d**2 + 2*d + 28. What are the prime factors of w(-7)?
2, 3, 5
List the prime factors of ((-391)/34*52)/((-4)/14).
7, 13, 23
Let b be (-4)/14 - 10/(-35). Let r be (b - 2)/(-6)*6. Suppose -2*v + 46 = k, -7*v + r*v - 2*k = -116. What are the prime factors of v?
2, 3
Let w = -13 + 71. Suppose w = -3*a - 68. Let p = a - -105. What are the prime factors of p?
3, 7
Suppose 2*h + 0 + 9 = y, 4*y - 18 = 2*h. Let m(j) = 4*j**2 + 2*j. Let f be m(3). List the prime factors of (y/(-1))/(f/(-560)).
2, 5
Suppose -178 = -4*r - 3*y, r + 3*y + 2*y = 36. List the prime factors of r.
2, 23
Let u = 1703 + -926. What are the prime factors of u?
3, 7, 37
What are the prime factors of ((-4428)/81)/((-3)/9)?
2, 41
Suppose -4*w + 4*b - 745 = -3081, 4*b = -2*w + 1138. What are the prime factors of w?
3, 193
Suppose -7 = 3*v + 11. Let u(h) be the third derivative of -h**5/60 - h**4/3 + 4*h**2. List the prime factors of u(v).
2, 3
Let x = -310 - -551. What are the prime factors of x?
241
List the prime factors of 4/10 - ((-147192)/20)/6.
3, 409
Let z = -85 - -681. What are the prime factors of z?
2, 149
Suppose 16*x - 7*x = 99. Suppose 2*j + 1818 = x*j. List the prime factors of j.
2, 101
Let b(y) = -236*y - 1. Let u be b(-1). Suppose -4*m = m - 2*t - u, -94 = -2*m + 2*t. What are the prime factors of m?
47
Let g be 12/20 + (-2664)/15. Let y = g + 250. What are the prime factors of y?
73
Let t(z) = -z**3 - 26*z**2 + 13*z + 23. List the prime factors of t(-27).
401
Suppose -16 = n - 5*c, 2*n - 2*c + 12 = 3*c. Suppose n*j = 152 + 24. What are the prime factors of j?
2, 11
Suppose -5*g + 25 = 0, 0*h - h = -4*g - 84. Let w = h - -152. What are the prime factors of w?
2
Let k(h) be the first derivative of h**2/2 + 11*h + 7. Let p be k(-8). Suppose 3*b - p*t - 35 = 2*b, -5*t = b - 11. List the prime factors of b.
2, 13
Let x = 7323 + -4787. List the prime factors of x.
2, 317
Suppose -2 - 2 = -p. Suppose 2*o - 3*i = -3*o + 10, -2*o = 5*i - p. List the prime factors of 18/(o*(-3)/(-8)).
2, 3
Let c = 1736 + -600. What are the prime factors of c?
2, 71
Suppose -3*w = -3*a + 9 + 15, -13 = 4*a + 5*w. Let s(p) = 33*p**2 - 1. Let k be s(1). Let v = k + a. What are the prime factors of v?
5, 7
Let o(p) = 43*p**2 + 66*p + 3. What are the prime factors of o(-4)?
7, 61
Let h = -228 + 546. Let z = h + -145. What are the prime factors of z?
173
Suppose 5*q = -l + 5*l + 45, 2*l = q - 15. Suppose 1046*t - 1051*t = -1375. Suppose 5*u - 45 = -5*v + 265, 0 = -q*v + 2*u + t. List the prime factors of v.
3, 19
Let q(v) = 7*v**3 - 8*v**2 - 8*v + 12. Let h(y) = -4*y**3 + 4*y**2 + 4*y - 6. Let p(i) = 5*h(i) + 3*q(i). What are the prime factors of p(5)?
11
Let t be 2/(3*(-8)/180). What are the prime factors of t/20 + (-15)/(-4) + 1?
2
Let s be (3 - (-55)/(-15))*(0 - 9). What are the prime factors of s/3 + (-3 - 120/(-1))?
7, 17
Let l = 195 + 162. What are the prime factors of l?
3, 7, 17
Let g be (0/1 - -15)*5/15. Suppose -8*x = -7*x - 2*f - 87, -443 = -g*x + 2*f. What are the prime factors of x?
89
Let m be 2/14 - (-13)/(-91). Suppose -5*i - 3*c + 208 = 0, 3*i + m*c - 144 = 3*c. List the prime factors of i.
2, 11
Suppose 3*t - 3 = -3*s, 4*s + 4 + 4 = 0. Suppose t*l - 14 = 1. What are the prime factors of 63 + l - (-3)/3?
3, 23
List the prime factors of (2*(-189)/(-24))/((-17)/(-1632)).
2, 3, 7
Suppose -2 = -m - d, 5*m + 0*m - 2 = 3*d. What are the prime factors of (-4)/(-6) + ((-372)/(-9))/m?
2, 3, 7
Let j(g) = -3*g - 1. Let r be j(-7). Suppose 0 = 3*o - r + 11. Suppose b = -o + 34. List the prime factors of b.
31
Suppose 5803 - 43063 = -20*c. What are the prime factors of c?
3, 23
Let f(h) = 4*h + 18. Let c be f(6). Suppose 2*j - c = -l + 223, 0 = 4*j - l - 527. List the prime factors of j.
2, 3, 11
Suppose -3*u + u = 20. What are the prime factors of (-600)/(-9) + u/15?
2, 3, 11
Let x be (-6)/(2*(-4)/156). Let k = x - 66. List the prime factors of k.
3, 17
Let l be (12/8)/(12/(-6688)*-2). Suppose 3 = 3*d - 3, 5*d = -2*r + l. List the prime factors of r.
2, 3, 17
Suppose 2 = -2*q + 4*f, -q + 4*f + 2 = -3*q. Let t be q + 9 + 4 + -7. List the prime factors of t/(-5) - (2 - 12).
3
Let j(o) = 2*o**2 + 2*o - 3. Let f = -10 - -6. Let z = -7 - f. List the prime factors of j(z).
3
Let z(p) = p**2 - 18*p + 24. Let m be z(16). List the prime factors of (-110)/(-4) - 4/m.
2, 7
Suppose -9*l + 2040 = -3*l. What are the prime factors of l?
2, 5, 17
Suppose 3*j + 5*q - 63 = 0, -4*j + 5*q - 7 = -56. Let n be j/(-3)*24/(-16). Suppose -r - n = -3*r. What are the prime factors of r?
2
Let j(z) = -z**2 + 4*z + 5. Let c be j(5). Let b be c + (4 - 5) + 3. What are the prime factors of 6 + (2 - b - 3)?
3
Let n be ((-5)/10)/(2/140). Let u = 32 + n. List the prime factors of (-16)/24 + (-65)/u.
3, 7
Let l be 4/8*0/1. Suppose -5*c + 24 + 11 = l. Suppose 4*d = -c + 19. What are the prime factors of d?
3
Let h(n) be the third derivative of -4*n**2 - 4/3*n**3 + 0 + 3/8*n**4 - 11/60*n**5 + 0*n - 1/120*n**6. What are the prime factors of h(-12)?
2, 7
Suppose 0 = -q + 4*t + 3, -4*q - 5*t + 21 = -12. Let p = -20 + q. Let s = p + 21. What are the prime factors of s?
2
Suppose -4*q = -6*n + 5*n + 489, -1462 = -3*n + 7*q. What are the prime factors of n?
5, 97
Let n = 218 - 4. Let z = -4 + n. What are the prime factors of z?
2, 3, 5, 7
Suppose 3*s = -a + 496, -3*a + 1744 - 284 = 2*s. What are the prime factors of a?
2, 11
Let u = 7379 + -4746. What are the prime factors of u?
2633
Suppose 18*x + 5*x = 15571. What are the prime factors 